5*r + 3*l = 93, 4*r - l - 3*l = y. What is the highest common divisor of 126 and r?
18
Suppose 132 + 1022 = 20*o - 526. Calculate the greatest common factor of 630 and o.
42
Let m be ((-162)/48 + 3)/(325/(-80) + 4). Let q(v) = -5*v - 4. Let p be q(-5). What is the highest common factor of m and p?
3
Suppose 276 = 402*g - 390*g. What is the greatest common divisor of 9683 and g?
23
Let k(u) = -65*u - 51. Let t be k(6). Let h = -417 - t. Calculate the greatest common divisor of h and 32.
8
Let q(p) = 733*p - 860. Let o be q(4). What is the greatest common factor of o and 56?
56
Let y = -4541 - -4599. Let q = -145 + 255. Suppose 7*g - y = q. Calculate the highest common factor of g and 16.
8
Suppose 0 = -p - p + 46. Let q be 3420/(324/18) + -6. What is the highest common divisor of q and p?
23
Suppose -406*u + 177337 = -1666309. What is the greatest common divisor of u and 209?
19
Let a = 599 - 196. Let d = -66457 - -66470. What is the greatest common factor of a and d?
13
Let v(d) = -d**3 + 6*d**2 + 6*d - 1. Let g be v(5). Let s be (-2)/5 - (-12334)/35. Suppose -s = -2*h - 82. Calculate the greatest common factor of h and g.
27
Suppose 5*x + 4*y = 4*x + 16, 0 = -2*x + 2*y - 8. Suppose 3*u = 1 + 8, x = -4*b - 4*u + 220. What is the greatest common divisor of 78 and b?
26
Let b be (-4 - (-56)/21)/((-4)/6). Suppose 3*o - 5*h - 79 = b*o, 5*h = -o + 99. What is the greatest common divisor of 712 and o?
89
Let r be (-3 + 5/2)*-6. Let j(l) = -l**2 + l + 8. Let m be j(r). Let w be (-4)/m - (-13 + -11). What is the greatest common divisor of w and 110?
22
Let b(v) = 330*v - 4277. Let y be b(45). Calculate the greatest common divisor of 327 and y.
109
Let y be 1/2 + (1295/140)/((-2)/(-92)). What is the highest common factor of y and 150?
6
Let y(f) = f**2 + 27*f + 102. Let m be y(-29). Calculate the highest common divisor of 40 and m.
40
Suppose 2*z + 3 = 3*x + 5*z, 2*x = 2*z + 10. Let l = 152 + -139. Suppose 4 + 269 = l*r. Calculate the highest common divisor of x and r.
3
Let w = 11918 - 10077. What is the highest common factor of w and 35?
7
Let z = -11586 - -12734. Calculate the greatest common divisor of z and 205.
41
Let l(n) = 38*n + 66. Let k be l(13). Suppose -52*i + 3*x - 963 = -56*i, 0 = x - 1. Calculate the greatest common divisor of i and k.
80
Suppose 2*j - 41196 = -3*c, 12*c + 28*j = 23*j + 164766. What is the greatest common factor of 130 and c?
26
Let w(r) = -20*r**3 - 3*r**2 + 19*r + 20. Let s be w(-1). What is the highest common divisor of s and 3732?
6
Let s(a) be the third derivative of 69*a**4/8 + 19*a**3/3 + 42*a**2 + 2*a. Let x be s(1). Calculate the greatest common factor of 15 and x.
5
Let m(t) = 26*t**3 - 5*t**2 + 6*t - 2. Let w be m(2). Let f = -194 + w. What is the highest common divisor of 3 and f?
1
Let p be (-55979)/(-231) - 1/3. Suppose -c + 11 = k - 11, -4*c - 66 = -3*k. What is the highest common factor of p and k?
22
Let b = -13261 - -13301. Calculate the highest common divisor of b and 1280.
40
Suppose -91 = -a - 4*j, -3*a = -8*a - 5*j + 485. Let k = 78 + -67. What is the highest common factor of k and a?
11
Let i = -6346 + 6367. Suppose -10*j + 8*j = -406. What is the highest common factor of j and i?
7
Let l be (0 + 3)*-1 - 33858/(-1881). What is the highest common divisor of 5235 and l?
15
Let f(s) = 19*s - 1. Let y be f(1). Suppose -y + 1 = -v. Suppose -374 = -2*w - 5*p, -16*p = -3*w - 15*p + 561. Calculate the greatest common divisor of v and w.
17
Suppose 4*x + 3*d = 124, -3*d + 28 = x + 6. What is the highest common factor of x and 3519?
17
Suppose -6920 = 7*p - 27*p. Let i = p - 125. Calculate the greatest common factor of i and 34.
17
Suppose -21*l + 7128 + 34368 = 0. Calculate the greatest common divisor of 304 and l.
152
Let k be ((-14 - -19) + 11/(-2))*(3 + -45). Let y be 214/14 - (-2)/(-7). What is the greatest common divisor of y and k?
3
Suppose -328 - 12 = -2*b - 4*m, 3*b + 4*m - 514 = 0. What is the highest common factor of b and 18?
6
Suppose 2*s = -8, -10*s + 25*s + 17 = -i. Calculate the highest common factor of 1 and i.
1
Suppose -3*u = z - 82, 0*u - 3*u + 90 = 3*z. Let c be 4 - (11/(-33))/(2/(-48)). Let f be c + 3/3*-4 + 47. What is the highest common divisor of u and f?
13
Suppose 5*t = -4*k - 541 - 1471, -t - 2*k - 400 = 0. Let b = -386 - t. Let j = 85 - 31. What is the highest common factor of j and b?
18
Let m(y) = -2*y**3 + 66*y**2 - 128*y + 135. Let x be m(31). Let u(p) = 7*p - 5. Let h be u(7). What is the greatest common divisor of x and h?
11
Suppose 0 = -3*g - t + 367, -4*g = 4*t - 495 + 11. Suppose 1845 = -473*l + 482*l. Calculate the highest common divisor of g and l.
41
Suppose -1041 = -60*l + 1479. Let s be 82/6 + 2/6. What is the highest common divisor of l and s?
14
Suppose 448 = 2*h - f, -5*f = -0*f - 20. Suppose 146 = -10*k + h. Calculate the greatest common divisor of k and 184.
8
Suppose 0 = 3*t - 5*q - 10, -5*q = 5*t - t + 10. Suppose -p + 1055 - 1047 = t. Calculate the greatest common divisor of p and 1112.
8
Let f be (9 + 135/(-63))*98. Let w be 852/20 + -2*3/10. Calculate the highest common factor of f and w.
42
Suppose 161*f - 198975 = 154*f. What is the highest common factor of 75 and f?
75
Suppose -3737 + 1069 = -3*k - 5*r, -k = 5*r - 886. What is the greatest common factor of k and 6?
3
Suppose g - 55 = -p, 12*g - 10*g - 230 = 13*p. What is the highest common factor of 909 and g?
9
Let n be 18*(3/4 + (-279)/(-108)). What is the greatest common factor of 102 and n?
6
Let r = 4357 + -3865. Calculate the highest common factor of 36 and r.
12
Suppose 560 = 4*v - 100. Let d(f) = 5*f**3 - 28*f + 12. Let u be d(4). Calculate the highest common factor of v and u.
55
Let n(k) = k**3 + 30*k**2 + 216*k - 80. Let v be n(-14). What is the greatest common divisor of v and 544?
32
Suppose -33*z = -23*z - 10. Let v be (72 + 0/z)/2. Calculate the greatest common factor of 108 and v.
36
Suppose -b - 61 = -3*z, -2*z = 2*z + b - 72. Suppose 2*i + x = 1, -4*x - z = -2*i - 3. Let w = 23383 - 23381. Calculate the greatest common factor of i and w.
2
Suppose -13 + 25 = 2*f. Let p(w) = -3*w + 20. Let b be p(f). Let j = -12 - -20. Calculate the highest common divisor of b and j.
2
Let v = 154 + -74. Suppose v = -c - 51. Let f = c - -133. Calculate the greatest common factor of f and 22.
2
Suppose 41*h = 43*h - 10. Suppose -5*r + 78 = 3*t, h*t - 7*r - 93 = -3*r. Suppose -2*z + 37 = z - 4*w, -4*w = 16. What is the highest common divisor of z and t?
7
Let p(t) = -14*t - 201. Let r(w) = 69*w + 1005. Let n(b) = 24*p(b) + 5*r(b). Let i be n(-21). What is the highest common divisor of 384 and i?
12
Suppose -833150 = 12*r - 74*r - 33*r. Calculate the highest common factor of r and 5.
5
Let w = 6242 - 5970. Calculate the highest common divisor of w and 1802.
34
Suppose 146 = i + 3*i - 5*d, -4*i = 2*d - 160. Suppose -2167 - 3410 = -33*b. What is the greatest common factor of b and i?
13
Suppose -33*h + 36*h = 54*h - 133926. What is the highest common factor of h and 1111?
101
Suppose -2*k + 3 = -9. Suppose k*x = 4*x + 88. Let n = x + -36. What is the greatest common divisor of n and 8?
8
Suppose 6*j - 761 = -107. Suppose 150 = -104*r + j*r. Calculate the greatest common factor of r and 10.
10
Let b(a) = -2*a**3 + 101*a**2 + 44*a - 97. Let o be b(51). Let z = o + 498. Calculate the greatest common factor of z and 253.
11
Let f(h) = -53 + 5*h + 106 - 54 + 0*h. Let m be f(10). Suppose -4*r = y - 783, -5*y + 3*y - 2 = 0. What is the highest common divisor of r and m?
49
Let x be (88/10)/(10/25). Suppose -5*u + 0*u = -s + 205, 5*s - 1085 = 5*u. What is the highest common divisor of x and s?
22
Suppose 177*y - 636*y + 83997 = 0. Let o be ((-12)/20)/((-2)/10). Calculate the highest common factor of o and y.
3
Let g be (9984/(-480) + 20)/((-2)/35). Let s = 132 - -190. What is the greatest common factor of s and g?
14
Let r be 2/6 + (-455)/105. Let o be 5 + 303/15 - r/(-20). Suppose 0*y = 4*y - 5*t - 175, -2*t - 240 = -5*y. What is the greatest common factor of o and y?
25
Let f(t) = -3*t**3 + 1. Let r be f(-2). Suppose 8*x = 3*x + r. What is the greatest common factor of x and 10?
5
Let h(c) = -3*c**3 + 2*c**2 - 2. Let p be h(-1). Let j be (-4 + p)/(4/(-108)). What is the highest common divisor of 72 and j?
